(d) = 4622*d**2 + d + 3. Let a be o(1). Suppose p = -p - k + 2310, 4*p = k + a. What is the tens digit of p?
5
Let w(k) be the first derivative of k**4/4 + 17*k**3/3 + 9*k**2 + 5*k - 35. What is the tens digit of w(-15)?
8
Suppose -3*i - 1583*g + 1580*g = -41028, 54674 = 4*i - g. What is the units digit of i?
0
Let n = 104597 - 73070. What is the tens digit of n?
2
Suppose -2550 = 28*g - 107186. What is the units digit of g?
7
Let o be 189/45 + 3/(-15). Let r(p) = 138*p**2 - 2*p + 1. Let u be r(1). Suppose -5*m = 20, q + o*m - 3*m - u = 0. What is the units digit of q?
1
Suppose 997 = 6*l + 349. Let c = 1 - 1. Suppose 3*s + l = 3*a - c*a, -4*s = -8. What is the units digit of a?
8
Let g = 7517 - 5766. What is the thousands digit of g?
1
Let o = -33 - -27. Let v be -87 - (0 - 4/(8/o)). Let i = v + 167. What is the tens digit of i?
7
Suppose 31*c = 32*c + 1444. What is the tens digit of (-2 - c/12*-3)/(-1)?
6
What is the units digit of (-1)/6 - (-817754)/84?
5
Suppose 0 = 2*d - 9*d. Suppose -2*s + s + 1 = d. Let x(q) = 10*q + 2. What is the tens digit of x(s)?
1
Let w = 433 + -455. Let c(b) = -b**3 - 19*b**2 + 40*b + 31. What is the hundreds digit of c(w)?
6
Let r = 28 + -13. Let w(a) = -a**3 + 18*a**2 - 33*a + 5. What is the hundreds digit of w(r)?
1
Suppose 0 = -95*t - 6 + 291. Let o be -15*(2 - 23/3). Suppose 0 = -t*z + 140 + o. What is the tens digit of z?
7
Let q(u) = 122*u + 1063. What is the ten thousands digit of q(120)?
1
Suppose -17*z + 36 = -13*z. Let i be (9/z)/((-1)/2). What is the units digit of (27/15)/((-4)/(-460)) + i?
5
Let g(q) = -598*q + 14. Let v be g(3). What is the units digit of v/(-25) + 4/(-20)?
1
What is the hundreds digit of ((-4)/10)/(10/(-179702 - -2))?
1
Let z be (4/(-8) + 1)*34. Let n(s) = s**2 - 24*s - 17. Let p be n(z). What is the units digit of (p/(-6))/(4/6)?
4
Suppose 3*b - c + 2 = 0, 0 = 3*b + 10*c - 15*c - 14. What is the units digit of 4 + -6 - -918 - 10/b?
1
Suppose -2*v + 8 = 14, 3*l - 3*v - 303 = 0. What is the hundreds digit of 2 - 2 - (-16*l)/4?
3
Suppose -22598 = -4*k + 3*l - 0*l, 18 = 3*l. What is the hundreds digit of k?
6
Let k(m) = -m**2 - 11*m + 29. Let t be k(-13). Suppose 5*s - 2010 = t*y - 7054, -5*s = 10. Suppose 312 = 10*i - y. What is the units digit of i?
9
Suppose -3*o = -24*n + 20*n - 58510, -3*o + 2*n = -58508. What is the ten thousands digit of o?
1
Let g = 5889 - 1369. What is the thousands digit of g?
4
Let l be (-104)/(-16) - 3/2. Suppose -8 = -7*y + l*y. Suppose y*n + 5*t = 87, n - t = 2*n - 21. What is the units digit of n?
8
Let d be (-2 + 14)/(-4) + -165. Let s = d + 1282. What is the thousands digit of s?
1
Let k = 172 - 172. Suppose k = -10*y + 9*y + 411. What is the units digit of y?
1
Suppose 49*v + 401778 = 202*v. What is the tens digit of v?
2
Let b(y) be the second derivative of 0 + 8*y - 3*y**2 + 3/2*y**3 + 7/12*y**4 - 1/20*y**5. What is the tens digit of b(6)?
8
Suppose 26*r - 27616 = 18*r. Suppose -3*w + r = y, 2*y - 485 = -w + 674. What is the hundreds digit of w?
1
Let h(m) = 8162*m + 2967. What is the units digit of h(2)?
1
Suppose -5*q + 48 = r, 0 = -113*r + 118*r - 3*q - 436. Let l be (2 - 1) + -3 + 1. Let j = r + l. What is the tens digit of j?
8
Let f = 8576 - 4592. Let h be 7*(f/28)/6. Let s = h - 85. What is the units digit of s?
1
Let u(f) = 4*f**3 - 5*f**2 + 3*f - 2. Suppose -37 + 49 = 3*y. Let l be u(y). What is the tens digit of (-3)/((-9)/l)*2?
2
Let l be (2/(-10) - 434/(-70)) + -3. What is the units digit of 9780/9 + 1/l?
7
Let n(b) = 28*b - 10. Let x be n(6). Let c(l) = 7*l**2 + 4. Let m be c(3). Let d = x - m. What is the units digit of d?
1
What is the ten thousands digit of (-51)/(-272)*3/9 - 2465404/(-64)?
3
Let h = 4563 + 518. What is the tens digit of h?
8
Let u = -31350 - -55263. What is the units digit of u?
3
Let g = -146 + 171. Suppose 17*j = g*j - 5784. What is the hundreds digit of j?
7
What is the hundreds digit of 750/20*690 - -5?
8
Let x(n) = 3*n**2 - 50*n + 75. Let m be x(15). Suppose -2*i - v + 574 = -1327, 5*i - 2*v - 4739 = m. What is the tens digit of i?
4
Let s(u) be the second derivative of 5*u**3/2 + 25*u**2 + 2*u + 24. What is the tens digit of s(15)?
7
Let k = -12966 + 23789. What is the hundreds digit of k?
8
Let c = 159 - 158. What is the tens digit of ((-43)/(-86))/(c/1704)?
5
Let d(c) = 15*c + 15. Let l be d(6). Let t = l - 14. Suppose -k + 2*k - 4*m - 25 = 0, -4*m + t = 3*k. What is the tens digit of k?
2
Suppose -2*f - 73 = -295. What is the units digit of ((f - 5) + -9)/1?
7
Let s(a) = 7*a - 9. Let v(j) = -7*j + 16. Let z be v(5). Let q be s(z). Let f = 208 + q. What is the tens digit of f?
6
Suppose 2*z = -2*b - 4, 1 = -5*z + 2*b + 26. Let q(t) be the second derivative of 14*t**3/3 - 3*t**2 - t. What is the tens digit of q(z)?
7
Let z be (1 - 3)/(2/32). What is the units digit of (z/10)/((-2483)/1235 + 2)?
4
Suppose 0 = 17*d - 10*d + 10360. Let y = -1057 - d. What is the tens digit of y?
2
Let v be ((-32)/88)/(1 + 39/(-33)). Let u = -43 - -78. What is the units digit of (5 - v) + -4 - u*-3?
4
Let n = 18716 + -11121. What is the tens digit of n?
9
Suppose 0 = -4*u + 4*c + 62752, 39*u + 2*c = 40*u - 15694. What is the hundreds digit of u?
6
What is the tens digit of -6 - ((-48)/(-1))/(-8) - (-12699 - -1)?
9
Suppose -13*q + 1991275 = 24*q + 28*q. What is the hundreds digit of q?
6
Suppose 5*j - 5844 = 5*p + 44116, 0 = 4*j - 5*p - 39969. What is the units digit of j?
1
Let a = 70 - 61. Let i(q) = q**3 + 7*q**2 + 23*q + 8. What is the hundreds digit of i(a)?
5
Let y be (35/(-10) + 6)/(5/4). Let b = 316 + y. What is the tens digit of b?
1
Let d(i) = 46*i**3 - 10*i**2 + 44*i - 123. What is the ten thousands digit of d(8)?
2
Let m(f) = 77*f + 242. Let d be -7 + (-4 - -13) + 10 + 1. What is the hundreds digit of m(d)?
2
Suppose 0 = -4*f - 32 - 8. Let m be ((-64)/(-28))/8 - 54/(-7). What is the units digit of (m/(-20) - 34/f) + -1?
2
Let m(l) = -2*l**3 + 3*l**2 + 7*l + 4286. What is the units digit of m(0)?
6
Suppose 3*t + 10*l + 2376 = 7*l, -2*l = t + 795. Let h = 1552 + t. What is the tens digit of h?
6
Suppose 134*b = 344639 + 3879443. What is the ten thousands digit of b?
3
Let m = 49 - 37. Let l be 16/m*(-6)/(-8). What is the units digit of ((-4)/(-8))/(l/(-12)*-3)?
2
Let d(p) be the first derivative of p**4/4 + 19*p**3/3 - 3*p**2/2 - 15*p - 39. What is the units digit of d(-18)?
3
Suppose -3*j + 8 = -3*f + 5*f, 3*j = 0. Suppose f*p + 3621 = 7*p. What is the units digit of p?
7
Suppose 10806 = 2*c + 4*g, 114*g - 112*g - 8 = 0. What is the tens digit of c?
9
Suppose -134*g = -3432354 - 484743 - 2200539. What is the tens digit of g?
5
What is the units digit of 288384/7 - ((-18)/105)/(9/15)?
8
Let q(w) = -12*w + 11. Let g = -140 - -132. What is the tens digit of q(g)?
0
Let m(s) = 8*s**2 - 52*s + 44. What is the hundreds digit of m(38)?
6
Suppose -20 = 14*y - 15*y. Suppose -19*q = -y*q + 68. What is the tens digit of q?
6
Let w = -462 - -464. Suppose -a = 3*m - 0*m - 1749, 0 = w*m - 2*a - 1166. What is the tens digit of m?
8
Suppose -1334*d = -1328*d - 40272. What is the tens digit of d?
1
Suppose -2*n - 4 = -58. Let i = 25 + n. Suppose -462 + i = -5*x. What is the tens digit of x?
8
Let s = 10691 + -3029. What is the tens digit of s?
6
Suppose 0 = 2*v - k - 43052 - 2793, -5*v - 2*k + 114581 = 0. What is the ten thousands digit of v?
2
Let j be (2 - (-1 + 29))/1. Let b = j + 120. Let o = 183 - b. What is the tens digit of o?
8
What is the ten thousands digit of (-47575)/(-1)*23/((-161)/(-7))?
4
Let z(j) = 6*j + 29. Let v be z(0). Suppose -v - 196 = -5*y. What is the tens digit of y?
4
Suppose -125*o + 126*o + 137 = 0. Let g = -132 - o. What is the units digit of g/90*6*843?
1
Let b be -2 + 5/((-20)/(-216)). Let y = 12 + -7. What is the tens digit of (7 - y) + -2 + b?
5
Let m = -15 - 65. Let o = -406 - -574. Let b = o + m. What is the units digit of b?
8
Suppose -5*v + 5*k - 105 = 0, -45 = 2*v + 4*k - 3*k. Let d be 1485/v*36/(-10). Suppose 5*y - 427 = 4*j, 0 = 3*y + 3*j - j - d. What is the units digit of y?
3
Let i(n) = -175*n**3 + 5*n**2 + 6*n + 1. Suppose 57*o + 103 = -11. What is the hundreds digit of i(o)?
4
Suppose 4*y - 17 = -n, 0*y = -5*y + 15. Let j(d) = -d**3 + 5*d**2 + d - 1. Let o be j(n). What is the units di